 units digit of w?
6
Suppose 0 = -2*k - k + 9. Suppose -5*l + 381 = d, 0 = -5*l - d + k*d + 393. What is the units digit of l?
7
What is the tens digit of 421 - 6 - (2 + -1)*-1?
1
Let d = 11 - 5. Suppose 15 - 105 = -6*c. Suppose 0 = -c*j + 18*j - d. What is the units digit of j?
2
Suppose -4*r = -409 - 15. Suppose 5*n = h - r, 0 = -3*h - h + 4*n + 424. What is the hundreds digit of h?
1
Let f(g) be the third derivative of g**4/6 - 25*g**3/6 - 2*g**2 + 3. Suppose 4*o - 20 - 20 = 0. What is the units digit of f(o)?
5
Let w be ((-234)/30)/((-2)/10). Let a be 1/(w/12 + -3). Suppose a*u - 3 = 5*u, -4*u - 48 = -3*h. What is the tens digit of h?
1
Suppose 2*i - 5*x = -2*i + 37, 4*i + 4*x = -8. Let o(v) be the third derivative of v**4/2 - v**3/2 + 8*v**2. What is the tens digit of o(i)?
3
Suppose 34 = 9*y - 182. Let o = -6 + 11. Suppose -o*f + f = -y. What is the units digit of f?
6
Let o be 3/(-1) + 72/2. Suppose -3*j = q - j + 34, -q = j + o. Let h = 60 + q. What is the units digit of h?
8
Let d = -506 + 2368. What is the hundreds digit of d?
8
Let x = 240 - -252. What is the units digit of x?
2
Suppose 17*q - 33376 = 3*q. What is the units digit of q?
4
Let d(c) = 23*c + 102. What is the units digit of d(0)?
2
Let j = 73 + -69. Suppose j*g - 3*g + 4*h - 205 = 0, 0 = -2*g + 4*h + 410. What is the units digit of g?
5
Suppose 3*b - 2*q = b + 4, -5*b = -4*q - 12. Suppose -1 = -3*y - 10, -b*a = 4*y - 268. What is the tens digit of a?
7
Let l = -3 - -6. Let o(r) = 2*r**2 - r - 4. Let v be o(l). Suppose 3*c - v - 37 = 0. What is the tens digit of c?
1
Suppose -s - 5*i = -14, -4*s = s - 4*i - 12. Suppose 0 = y - 0*y - s. Suppose -y*b = -2*l - 54, -3*b - 2*l + 48 = -6*l. What is the tens digit of b?
1
Let g(d) = 6*d + 2 - 9*d + 5*d. Let v be g(3). Suppose -v = -q - 2. What is the units digit of q?
6
Let s be (-18)/(-4)*(-14)/(-3). Let d = 40 - s. What is the tens digit of d?
1
Let m(h) = h**3 - 27*h**2 - 17*h - 66. What is the hundreds digit of m(31)?
2
Suppose 6*h + 7668 = 42*h. What is the hundreds digit of h?
2
Suppose 6*m - 7*m - 6 = 0. Let w = 6 - m. What is the units digit of w/(-10)*(-105)/2?
3
Let w = 185 + 7. What is the units digit of w?
2
Let c = 602 + -338. Let q = -180 + c. What is the tens digit of q?
8
Suppose 4*w + 20 = 2*x, -5 = -x + w + 1. Suppose -x*p + 8 = 20. What is the tens digit of (-107)/(-4) + p/(-24)?
2
Let r = 792 + 471. What is the units digit of r?
3
Suppose -3*x - 4*k = -3, 3*x - 4*k - k = 30. Suppose g - x - 4 = -2*d, -4*g + 24 = 2*d. Suppose g*m = 67 + 128. What is the units digit of m?
9
Let m(a) = -a**2 + 11*a + 14. Let h be m(12). Suppose 0 = 3*d - h*g - 25, -g = -5*d - 2*g + 33. What is the tens digit of (0 - -1)/(d/126)?
1
Suppose -5*a - 20 = 0, 7 = -5*h - 5*a - 3. Suppose c = h*c - 2. Suppose 74 = 2*p - c*n, 88 = 2*p - 5*n + 8. What is the units digit of p?
5
Let w be ((-32)/(-24))/(2/3). Suppose -2*r - w*t + 3*t = -146, -r - 5*t = -84. What is the units digit of r?
4
Let t(v) = -v**3 + 15*v**2 - 7*v - 6. Let d be t(14). Suppose -d = 4*s - 340. What is the tens digit of s?
6
Let a = 0 + -2. Let j(y) be the second derivative of 7*y**4/12 + y**3/6 + y**2/2 - y. What is the units digit of j(a)?
7
Suppose 0 = -8*l + 6*l + 36. What is the units digit of (-38)/(-4)*(l + -8)?
5
Let s(v) = 14*v - 2. Let d(c) = c - 3. Let x be d(2). Let t be s(x). What is the tens digit of (-3 + 4)*-1 - t?
1
Let u(t) be the second derivative of 2*t**4/3 - 2*t**3/3 + t**2 + 2*t. Suppose -2*a - 14 = -5*a - 4*s, 0 = -4*a + 4*s. What is the tens digit of u(a)?
2
Suppose 17*p - 23*p + 13368 = 0. What is the units digit of p?
8
Let g = 4041 - 953. What is the tens digit of g/40 - (-2 + 11/5)?
7
Let d(n) = n**2 + 3*n + 9. Let y be d(-5). Let r(z) = z**2 - 8*z + 36. What is the units digit of r(y)?
5
Suppose -1142 = -5*x + 808. What is the hundreds digit of x?
3
Let x = -14 + 16. Let v be x/((-2)/385) + -2. What is the units digit of (-2)/12 + v/(-54)?
7
Suppose -4*a - 732 = k - 2644, -3*a = k - 1434. What is the hundreds digit of a?
4
Suppose 0 = d - 21 - 7. Suppose -o + d + 19 = 0. What is the units digit of o?
7
Suppose -54*z + 510 = -53*z. What is the units digit of z?
0
Let y(o) = -o**3 - 1. Let p(n) = -5*n**3 - 11*n**2 - 3*n + 16. Let m(k) = -p(k) + 6*y(k). What is the units digit of m(11)?
1
Suppose v = -2, -2*d + 0*v - 2*v + 2 = 0. Suppose 0 = 4*q - d*g - 136, -17 = -q - g + 24. What is the tens digit of q?
3
Suppose -23*w = -19*w - 2180. What is the units digit of w?
5
Suppose 2*w - 2 - 4 = 0. Suppose 2*v = w*v - 3. Suppose c - 10 = -4*g + 27, v*g = -2*c + 54. What is the tens digit of c?
2
Suppose -23*l + 26*l = -5*b + 406, 3*b = 4*l - 493. What is the units digit of l?
7
Let k(u) = u - 1. Let q be k(3). Suppose 5*o - 130 = 5*x, o + q*x - 92 = -3*o. What is the tens digit of o?
2
Suppose -5066 = -2*f - 2*y + 4*y, -f = -5*y - 2521. What is the hundreds digit of f?
5
Let b = -13 + 34. Suppose -r = -5*z - b, -3*r + 128 - 8 = 4*z. What is the units digit of r?
6
Let o(h) = -2*h**3 + 13*h**2 - 7*h + 13. Let a(b) = -b**3 + 7*b**2 - 4*b + 6. Let u(s) = 7*a(s) - 3*o(s). What is the tens digit of u(8)?
7
Let g(n) = 5*n - 1. Let c be g(2). Let q = c - -9. What is the units digit of (q/(-21))/(1/(-28))?
4
What is the units digit of 1300/2 - (40 + -34)?
4
Let v = -1 - -16. Let y be 13/2 - v/10. Suppose -y*k - 84 = -364. What is the tens digit of k?
5
What is the tens digit of 2948 - (-3 + 6 - (0 + 6))?
5
Let r = -33 - -33. Suppose -m + 159 + 177 = r. What is the tens digit of m?
3
Let y(p) = 82*p - 56. Let i be y(8). Suppose 3*h - 51 = i. What is the hundreds digit of h?
2
Let d(l) = -19*l + 63. Let q(n) = -n**3 + 15*n**2 - 16*n + 22. Let s be q(14). What is the tens digit of d(s)?
7
What is the hundreds digit of 28/(-21)*-6 + 1463?
4
Let u be 1 - (2/(-1))/2. Let p = -67 - -69. Suppose p*h = -u*h + 184. What is the tens digit of h?
4
Let m = -27 - -37. Suppose m = 5*d - 15. Suppose 65 = 2*h + 3*w - 2*w, -d*w + 25 = 0. What is the tens digit of h?
3
What is the hundreds digit of 3028 + 3/1*(14 - 15)?
0
Suppose 4*a - 25 = -a. Suppose -2*l = 8, a*b - 122 = -l + 414. What is the tens digit of b?
0
Let a(b) = -6*b. Suppose 3*j - 15 = j - 5*r, -3*r + 18 = 3*j. Suppose -j*k + 1 = 6. What is the units digit of a(k)?
6
Let t(a) = a**3 + 14*a**2 - 16*a - 15. Let b be t(-15). Suppose -3*m + 17 + 43 = b. Suppose 0 = 5*y + o - 28, 5*o - m + 5 = 0. What is the units digit of y?
5
Suppose -l = -4*p + 2*l - 56, -45 = 3*p - 3*l. Let i = -12 - p. What is the tens digit of (34/2 - 2) + i?
1
What is the thousands digit of 202*((-23)/7)/(14/(-49))?
2
Let q(j) = 2*j**3 - 7*j**2 + 7. Suppose 0 = -y - 5*k - 0 - 15, 3 = -y - 2*k. What is the tens digit of q(y)?
8
Let h(r) = -r**3 + 17*r**2 + 6*r + 7. Suppose 0 = l - 3*l + 34. What is the hundreds digit of h(l)?
1
Suppose 0 = -2*n - 3*n + 220. Suppose -n*p + 45*p = 43. What is the tens digit of p?
4
Suppose -2*i + 5 = 3. What is the units digit of 61 + (0/1)/i?
1
Suppose -5*d + 908 + 872 = -5*y, 0 = 4*d - 2*y - 1426. Let z = d + -222. What is the units digit of z?
5
What is the tens digit of 10/4*9*(-5 + 21)?
6
Suppose -3*r - m + 15 = -0*r, -r + 3*m = 5. Suppose -r*y = -6*y + 44. Suppose 4*c - c = 3*n - 12, 0 = 2*c + 4*n - y. What is the units digit of c?
1
What is the hundreds digit of (-831 + -1 + -3)/(-4 - -3)?
8
Suppose -53*o - 6*o + 27730 = 0. What is the tens digit of o?
7
Let a(u) = -34*u + 14. Let n be a(5). Let k = n - -347. What is the tens digit of k?
9
Let m(k) = -k**3 + 23*k**2 - 5*k + 29. What is the units digit of m(10)?
9
Let i(x) = -2*x - 5. Let k be i(-6). Suppose -18 + 480 = k*d. What is the tens digit of d?
6
What is the units digit of 564 + (-228)/(-95) + (-2)/5?
6
Let p = -89 - -405. What is the tens digit of p?
1
Suppose 6*i + 458 = 8*i. Let x = i + -55. What is the units digit of x?
4
Let j = 54 + 27. What is the units digit of j?
1
What is the units digit of (20/(-6))/((-6)/(-3 + 381))?
0
Let m(b) be the first derivative of -b**4/4 + 3*b**3 + 3*b**2 + 9*b - 6. Let y be m(10). Let j = y - -49. What is the tens digit of j?
1
Let r be 8/(-32)*(0 - 8). Let k be 8*1*1/r. Suppose -k*n + 10*n - 30 = 0. What is the units digit of n?
5
Let n(q) = 5*q**2 + 2*q + 1. Let l be n(-1). Suppose 0 = 5*x + 4*f - 82, l